{"id":155,"date":"2020-05-21T09:37:34","date_gmt":"2020-05-21T06:37:34","guid":{"rendered":"https:\/\/plostihotel.lv\/?page_id=155"},"modified":"2021-05-13T13:11:21","modified_gmt":"2021-05-13T10:11:21","slug":"majinas","status":"publish","type":"page","link":"https:\/\/plostihotel.lv\/?page_id=155","title":{"rendered":"M\u0101ji\u0146as"},"content":{"rendered":"\n<p><\/p>\n\n\n\n<p class=\"has-suki-color-3-color has-text-color\" style=\"font-size:18px\">Pied\u0101v\u0101jam atp\u016btu divviet\u012bg\u0101s un \u010detrviet\u012bg\u0101s m\u0101j\u0101s, kur\u0101s ir iesp\u0113ja ievietot v\u0113l divas papildus gultas. Br\u012bvdienu m\u0101j\u0101s ir visas labier\u012bc\u012bbas, t\u0101s ir apr\u012bkotas ar kondicionieriem un virtuves st\u016br\u012bti, kur\u0101 atrodas trauki, izlietne, t\u0113jkanna un ledusskapis. Vis\u0101 teritorij\u0101 ir pieejams bezvadu internets. Katrai m\u0101jai ir balkons no kura paveras br\u012bni\u0161\u0137\u012bgs skats uz Abavas senleju.<\/p>\n\n\n\n<div style=\"height:40px\" aria-hidden=\"true\" class=\"wp-block-spacer\"><\/div>\n\n\n\n<div class=\"wp-block-cover aligncenter has-background-dim\"><img decoding=\"async\" loading=\"lazy\" width=\"1024\" height=\"720\" class=\"wp-block-cover__image-background wp-image-314\" alt=\"\" src=\"https:\/\/plostihotel.lv\/wp-content\/uploads\/2020\/07\/kempings_plosti_21-1024x720.jpg\" style=\"object-position:49% 51%\" data-object-fit=\"cover\" data-object-position=\"49% 51%\" srcset=\"https:\/\/plostihotel.lv\/wp-content\/uploads\/2020\/07\/kempings_plosti_21-1024x720.jpg 1024w, https:\/\/plostihotel.lv\/wp-content\/uploads\/2020\/07\/kempings_plosti_21-300x211.jpg 300w, https:\/\/plostihotel.lv\/wp-content\/uploads\/2020\/07\/kempings_plosti_21-768x540.jpg 768w, https:\/\/plostihotel.lv\/wp-content\/uploads\/2020\/07\/kempings_plosti_21.jpg 1280w\" sizes=\"(max-width: 1024px) 100vw, 1024px\" \/><div class=\"wp-block-cover__inner-container\">\n<p class=\"has-text-align-center has-suki-color-7-color has-text-color has-large-font-size\">&#8211; <strong><a href=\"https:\/\/plostihotel.lv\/?page_id=530\">STANDARTA BUNGALO<\/a><\/strong> &#8211;<\/p>\n<\/div><\/div>\n\n\n\n<p class=\"has-text-align-center\"><\/p>\n\n\n\n<div class=\"wp-block-cover aligncenter has-background-dim\"><img decoding=\"async\" loading=\"lazy\" width=\"1280\" height=\"900\" class=\"wp-block-cover__image-background wp-image-537\" alt=\"\" src=\"https:\/\/plostihotel.lv\/wp-content\/uploads\/2020\/07\/kempings_plosti_27.jpg\" style=\"object-position:65% 64%\" data-object-fit=\"cover\" data-object-position=\"65% 64%\"\/><div class=\"wp-block-cover__inner-container\">\n<p class=\"has-text-align-center has-suki-color-7-color has-text-color\" style=\"font-size:39px\"><span class=\"has-inline-color has-very-light-gray-color\">&#8211; <strong><a href=\"https:\/\/plostihotel.lv\/?page_id=541(opens in a new tab)\">DIVU GU\u013bAMISTABU BUNGALO<\/a><\/strong> &#8211;<\/span><\/p>\n<\/div><\/div>\n\n\n\n<p class=\"has-text-align-center\"><\/p>\n\n\n\n<div class=\"wp-block-cover aligncenter has-background-dim\"><img decoding=\"async\" loading=\"lazy\" width=\"1280\" height=\"900\" class=\"wp-block-cover__image-background wp-image-539\" alt=\"\" src=\"https:\/\/plostihotel.lv\/wp-content\/uploads\/2020\/07\/kempings_plosti_23.jpg\" style=\"object-position:58% 65%\" data-object-fit=\"cover\" data-object-position=\"58% 65%\"\/><div class=\"wp-block-cover__inner-container\">\n<p class=\"has-text-align-center has-suki-color-7-color has-text-color\" style=\"font-size:39px\">&#8211; <strong><a href=\"https:\/\/plostihotel.lv\/?page_id=562\">\u0122IMENES BUNGALO<\/a><\/strong> &#8211;<\/p>\n<\/div><\/div>\n\n\n\n<p><\/p>\n","protected":false},"excerpt":{"rendered":"<p>Pied\u0101v\u0101jam atp\u016btu divviet\u012bg\u0101s un \u010detrviet\u012bg\u0101s m\u0101j\u0101s, kur\u0101s ir iesp\u0113ja ievietot v\u0113l divas papildus gultas. Br\u012bvdienu m\u0101j\u0101s ir visas labier\u012bc\u012bbas, t\u0101s ir apr\u012bkotas ar kondicionieriem un virtuves st\u016br\u012bti, kur\u0101 atrodas trauki, izlietne, t\u0113jkanna un ledusskapis. Vis\u0101 teritorij\u0101 ir pieejams bezvadu internets. Katrai m\u0101jai ir balkons no kura paveras br\u012bni\u0161\u0137\u012bgs skats uz Abavas senleju.<\/p>\n","protected":false},"author":2,"featured_media":314,"parent":0,"menu_order":0,"comment_status":"closed","ping_status":"closed","template":"","meta":[],"_links":{"self":[{"href":"https:\/\/plostihotel.lv\/index.php?rest_route=\/wp\/v2\/pages\/155"}],"collection":[{"href":"https:\/\/plostihotel.lv\/index.php?rest_route=\/wp\/v2\/pages"}],"about":[{"href":"https:\/\/plostihotel.lv\/index.php?rest_route=\/wp\/v2\/types\/page"}],"author":[{"embeddable":true,"href":"https:\/\/plostihotel.lv\/index.php?rest_route=\/wp\/v2\/users\/2"}],"replies":[{"embeddable":true,"href":"https:\/\/plostihotel.lv\/index.php?rest_route=%2Fwp%2Fv2%2Fcomments&post=155"}],"version-history":[{"count":18,"href":"https:\/\/plostihotel.lv\/index.php?rest_route=\/wp\/v2\/pages\/155\/revisions"}],"predecessor-version":[{"id":721,"href":"https:\/\/plostihotel.lv\/index.php?rest_route=\/wp\/v2\/pages\/155\/revisions\/721"}],"wp:featuredmedia":[{"embeddable":true,"href":"https:\/\/plostihotel.lv\/index.php?rest_route=\/wp\/v2\/media\/314"}],"wp:attachment":[{"href":"https:\/\/plostihotel.lv\/index.php?rest_route=%2Fwp%2Fv2%2Fmedia&parent=155"}],"curies":[{"name":"wp","href":"https:\/\/api.w.org\/{rel}","templated":true}]}}