{"id":541,"date":"2020-07-07T09:21:18","date_gmt":"2020-07-07T06:21:18","guid":{"rendered":"https:\/\/plostihotel.lv\/?page_id=541"},"modified":"2021-05-13T13:30:48","modified_gmt":"2021-05-13T10:30:48","slug":"divu-gulamistabu-bungalo","status":"publish","type":"page","link":"https:\/\/plostihotel.lv\/?page_id=541","title":{"rendered":"DIVU GU\u013bAMISTABU BUNGALO"},"content":{"rendered":"\n<p class=\"has-medium-font-size\"><strong>Divu gu\u013camistabu \u010detrviet\u012bgs bungalo ar terasi.<\/strong><\/p>\n\n\n\n<ul class=\"has-normal-font-size\"><li>du\u0161a \/ WC<\/li><li>virtuves st\u016br\u012btis ar ledusskapi, virtuves piederumiem<\/li><li>kondicionieris \/ apsild\u0101ma<\/li><li>atsevi\u0161\u0137a ieeja<\/li><li>WiFi<\/li><li>numuri\u0146\u0101 ir dvie\u013cu komplekts<\/li><\/ul>\n\n\n\n<div class=\"is-layout-flex wp-block-buttons\">\n<div class=\"wp-block-button\"><a class=\"wp-block-button__link has-suki-color-4-background-color has-background\" href=\"https:\/\/www.booking.com\/hotel\/lv\/plosti.lv.html?aid=356980;label=gog235jc-1DCAsoigFCBnBsb3N0aUgaWANoigGIAQGYARq4ARfIAQzYAQPoAQH4AQKIAgGoAgO4ArydkPgFwAIB0gIkYjBjMjdlMzEtNDYzYy00NTI0LWJhNTItMTFmMjY3NTI4MDAz2AIE4AIB;sid=7894c21aa621ec142ba47d93f31bfdc0;age=5&amp;checkin_monthday=19&amp;checkin_year_month=2020-8&amp;checkout_monthday=20&amp;checkout_year_month=2020-8&amp;dist=0&amp;do_availability_check=1&amp;group_adults=2&amp;group_children=1&amp;hp_avform=1&amp;hp_group_set=0&amp;no_rooms=1&amp;origin=hp&amp;sb_price_type=total&amp;src=hotel&amp;tab=1&amp;type=total&amp;#_\" target=\"_blank\" rel=\"noreferrer noopener\"><strong>Rezerv\u0113t<\/strong><\/a><\/div>\n<\/div>\n\n\n\n<div style=\"height:30px\" aria-hidden=\"true\" class=\"wp-block-spacer\"><\/div>\n\n\n\n<figure class=\"is-layout-flex wp-block-gallery-2 wp-block-gallery columns-5 is-cropped\"><ul class=\"blocks-gallery-grid\"><li class=\"blocks-gallery-item\"><figure><a href=\"https:\/\/plostihotel.lv\/wp-content\/uploads\/2020\/07\/kempings_plosti_4.jpg\"><img decoding=\"async\" loading=\"lazy\" width=\"1024\" height=\"900\" src=\"https:\/\/plostihotel.lv\/wp-content\/uploads\/2020\/07\/kempings_plosti_4-1024x900.jpg\" alt=\"\" data-id=\"544\" data-full-url=\"https:\/\/plostihotel.lv\/wp-content\/uploads\/2020\/07\/kempings_plosti_4.jpg\" data-link=\"https:\/\/plostihotel.lv\/?attachment_id=544\" class=\"wp-image-544\"\/><\/a><\/figure><\/li><li class=\"blocks-gallery-item\"><figure><a href=\"https:\/\/plostihotel.lv\/wp-content\/uploads\/2020\/07\/kempings_plosti_7-1.jpg\"><img decoding=\"async\" loading=\"lazy\" width=\"1024\" height=\"900\" src=\"https:\/\/plostihotel.lv\/wp-content\/uploads\/2020\/07\/kempings_plosti_7-1-1024x900.jpg\" alt=\"\" data-id=\"547\" data-full-url=\"https:\/\/plostihotel.lv\/wp-content\/uploads\/2020\/07\/kempings_plosti_7-1.jpg\" data-link=\"https:\/\/plostihotel.lv\/?attachment_id=547\" class=\"wp-image-547\"\/><\/a><\/figure><\/li><li class=\"blocks-gallery-item\"><figure><a href=\"https:\/\/plostihotel.lv\/wp-content\/uploads\/2020\/07\/kempings_plosti_8.jpg\"><img decoding=\"async\" loading=\"lazy\" width=\"1024\" height=\"900\" src=\"https:\/\/plostihotel.lv\/wp-content\/uploads\/2020\/07\/kempings_plosti_8-1024x900.jpg\" alt=\"\" data-id=\"548\" data-full-url=\"https:\/\/plostihotel.lv\/wp-content\/uploads\/2020\/07\/kempings_plosti_8.jpg\" data-link=\"https:\/\/plostihotel.lv\/?attachment_id=548\" class=\"wp-image-548\"\/><\/a><\/figure><\/li><li class=\"blocks-gallery-item\"><figure><a href=\"https:\/\/plostihotel.lv\/wp-content\/uploads\/2020\/07\/kempings_plosti_14-1.jpg\"><img decoding=\"async\" loading=\"lazy\" width=\"1024\" height=\"900\" src=\"https:\/\/plostihotel.lv\/wp-content\/uploads\/2020\/07\/kempings_plosti_14-1-1024x900.jpg\" alt=\"\" data-id=\"549\" data-full-url=\"https:\/\/plostihotel.lv\/wp-content\/uploads\/2020\/07\/kempings_plosti_14-1.jpg\" data-link=\"https:\/\/plostihotel.lv\/?attachment_id=549\" class=\"wp-image-549\"\/><\/a><\/figure><\/li><li class=\"blocks-gallery-item\"><figure><a href=\"https:\/\/plostihotel.lv\/wp-content\/uploads\/2020\/07\/kempings_plosti_16.jpg\"><img decoding=\"async\" loading=\"lazy\" width=\"1024\" height=\"900\" src=\"https:\/\/plostihotel.lv\/wp-content\/uploads\/2020\/07\/kempings_plosti_16-1024x900.jpg\" alt=\"\" data-id=\"550\" data-full-url=\"https:\/\/plostihotel.lv\/wp-content\/uploads\/2020\/07\/kempings_plosti_16.jpg\" data-link=\"https:\/\/plostihotel.lv\/?attachment_id=550\" class=\"wp-image-550\"\/><\/a><\/figure><\/li><li class=\"blocks-gallery-item\"><figure><a href=\"https:\/\/plostihotel.lv\/wp-content\/uploads\/2020\/07\/kempings_plosti_20.jpg\"><img decoding=\"async\" loading=\"lazy\" width=\"1024\" height=\"900\" src=\"https:\/\/plostihotel.lv\/wp-content\/uploads\/2020\/07\/kempings_plosti_20-1024x900.jpg\" alt=\"\" data-id=\"551\" data-full-url=\"https:\/\/plostihotel.lv\/wp-content\/uploads\/2020\/07\/kempings_plosti_20.jpg\" data-link=\"https:\/\/plostihotel.lv\/?attachment_id=551\" class=\"wp-image-551\"\/><\/a><\/figure><\/li><li class=\"blocks-gallery-item\"><figure><a href=\"https:\/\/plostihotel.lv\/wp-content\/uploads\/2020\/07\/kempings_plosti_26.jpg\"><img decoding=\"async\" loading=\"lazy\" width=\"1024\" height=\"900\" src=\"https:\/\/plostihotel.lv\/wp-content\/uploads\/2020\/07\/kempings_plosti_26-1024x900.jpg\" alt=\"\" data-id=\"552\" data-full-url=\"https:\/\/plostihotel.lv\/wp-content\/uploads\/2020\/07\/kempings_plosti_26.jpg\" data-link=\"https:\/\/plostihotel.lv\/?attachment_id=552\" class=\"wp-image-552\"\/><\/a><\/figure><\/li><li class=\"blocks-gallery-item\"><figure><a href=\"https:\/\/plostihotel.lv\/wp-content\/uploads\/2020\/07\/kempings_plosti_27-1.jpg\"><img decoding=\"async\" loading=\"lazy\" width=\"1024\" height=\"900\" src=\"https:\/\/plostihotel.lv\/wp-content\/uploads\/2020\/07\/kempings_plosti_27-1-1024x900.jpg\" alt=\"\" data-id=\"553\" data-full-url=\"https:\/\/plostihotel.lv\/wp-content\/uploads\/2020\/07\/kempings_plosti_27-1.jpg\" data-link=\"https:\/\/plostihotel.lv\/?attachment_id=553\" class=\"wp-image-553\"\/><\/a><\/figure><\/li><li class=\"blocks-gallery-item\"><figure><a href=\"https:\/\/plostihotel.lv\/wp-content\/uploads\/2020\/07\/kempings_plosti_28.jpg\"><img decoding=\"async\" loading=\"lazy\" width=\"1024\" height=\"900\" src=\"https:\/\/plostihotel.lv\/wp-content\/uploads\/2020\/07\/kempings_plosti_28-1024x900.jpg\" alt=\"\" data-id=\"554\" data-full-url=\"https:\/\/plostihotel.lv\/wp-content\/uploads\/2020\/07\/kempings_plosti_28.jpg\" data-link=\"https:\/\/plostihotel.lv\/?attachment_id=554\" class=\"wp-image-554\"\/><\/a><\/figure><\/li><li class=\"blocks-gallery-item\"><figure><a href=\"https:\/\/plostihotel.lv\/wp-content\/uploads\/2020\/07\/kempings_plosti_29-1.jpg\"><img decoding=\"async\" loading=\"lazy\" width=\"1024\" height=\"900\" src=\"https:\/\/plostihotel.lv\/wp-content\/uploads\/2020\/07\/kempings_plosti_29-1-1024x900.jpg\" alt=\"\" data-id=\"555\" data-full-url=\"https:\/\/plostihotel.lv\/wp-content\/uploads\/2020\/07\/kempings_plosti_29-1.jpg\" data-link=\"https:\/\/plostihotel.lv\/?attachment_id=555\" class=\"wp-image-555\"\/><\/a><\/figure><\/li><li class=\"blocks-gallery-item\"><figure><a href=\"https:\/\/plostihotel.lv\/wp-content\/uploads\/2020\/07\/kempings_plosti_30.jpg\"><img decoding=\"async\" loading=\"lazy\" width=\"1024\" height=\"900\" src=\"https:\/\/plostihotel.lv\/wp-content\/uploads\/2020\/07\/kempings_plosti_30-1024x900.jpg\" alt=\"\" data-id=\"556\" data-full-url=\"https:\/\/plostihotel.lv\/wp-content\/uploads\/2020\/07\/kempings_plosti_30.jpg\" data-link=\"https:\/\/plostihotel.lv\/?attachment_id=556\" class=\"wp-image-556\"\/><\/a><\/figure><\/li><li class=\"blocks-gallery-item\"><figure><a href=\"https:\/\/plostihotel.lv\/wp-content\/uploads\/2020\/07\/kempings_plosti_31.jpg\"><img decoding=\"async\" loading=\"lazy\" width=\"1024\" height=\"900\" src=\"https:\/\/plostihotel.lv\/wp-content\/uploads\/2020\/07\/kempings_plosti_31-1024x900.jpg\" alt=\"\" data-id=\"557\" data-full-url=\"https:\/\/plostihotel.lv\/wp-content\/uploads\/2020\/07\/kempings_plosti_31.jpg\" data-link=\"https:\/\/plostihotel.lv\/?attachment_id=557\" class=\"wp-image-557\"\/><\/a><\/figure><\/li><li class=\"blocks-gallery-item\"><figure><a href=\"https:\/\/plostihotel.lv\/wp-content\/uploads\/2020\/07\/kempings_plosti_32.jpg\"><img decoding=\"async\" loading=\"lazy\" width=\"720\" height=\"1024\" src=\"https:\/\/plostihotel.lv\/wp-content\/uploads\/2020\/07\/kempings_plosti_32-720x1024.jpg\" alt=\"\" data-id=\"318\" data-full-url=\"https:\/\/plostihotel.lv\/wp-content\/uploads\/2020\/07\/kempings_plosti_32.jpg\" data-link=\"https:\/\/plostihotel.lv\/?attachment_id=318\" class=\"wp-image-318\" srcset=\"https:\/\/plostihotel.lv\/wp-content\/uploads\/2020\/07\/kempings_plosti_32-720x1024.jpg 720w, https:\/\/plostihotel.lv\/wp-content\/uploads\/2020\/07\/kempings_plosti_32-211x300.jpg 211w, https:\/\/plostihotel.lv\/wp-content\/uploads\/2020\/07\/kempings_plosti_32-768x1092.jpg 768w, https:\/\/plostihotel.lv\/wp-content\/uploads\/2020\/07\/kempings_plosti_32.jpg 900w\" sizes=\"(max-width: 720px) 100vw, 720px\" \/><\/a><\/figure><\/li><\/ul><\/figure>\n\n\n\n<div style=\"height:100px\" aria-hidden=\"true\" class=\"wp-block-spacer\"><\/div>\n","protected":false},"excerpt":{"rendered":"<p>Divu gu\u013camistabu \u010detrviet\u012bgs bungalo ar terasi. du\u0161a \/ WC virtuves st\u016br\u012btis ar ledusskapi, virtuves piederumiem kondicionieris \/ apsild\u0101ma atsevi\u0161\u0137a ieeja WiFi numuri\u0146\u0101 ir dvie\u013cu komplekts<\/p>\n","protected":false},"author":2,"featured_media":550,"parent":0,"menu_order":0,"comment_status":"closed","ping_status":"closed","template":"","meta":[],"_links":{"self":[{"href":"https:\/\/plostihotel.lv\/index.php?rest_route=\/wp\/v2\/pages\/541"}],"collection":[{"href":"https:\/\/plostihotel.lv\/index.php?rest_route=\/wp\/v2\/pages"}],"about":[{"href":"https:\/\/plostihotel.lv\/index.php?rest_route=\/wp\/v2\/types\/page"}],"author":[{"embeddable":true,"href":"https:\/\/plostihotel.lv\/index.php?rest_route=\/wp\/v2\/users\/2"}],"replies":[{"embeddable":true,"href":"https:\/\/plostihotel.lv\/index.php?rest_route=%2Fwp%2Fv2%2Fcomments&post=541"}],"version-history":[{"count":10,"href":"https:\/\/plostihotel.lv\/index.php?rest_route=\/wp\/v2\/pages\/541\/revisions"}],"predecessor-version":[{"id":745,"href":"https:\/\/plostihotel.lv\/index.php?rest_route=\/wp\/v2\/pages\/541\/revisions\/745"}],"wp:featuredmedia":[{"embeddable":true,"href":"https:\/\/plostihotel.lv\/index.php?rest_route=\/wp\/v2\/media\/550"}],"wp:attachment":[{"href":"https:\/\/plostihotel.lv\/index.php?rest_route=%2Fwp%2Fv2%2Fmedia&parent=541"}],"curies":[{"name":"wp","href":"https:\/\/api.w.org\/{rel}","templated":true}]}}